{"id":54,"date":"2026-02-20T15:32:26","date_gmt":"2026-02-20T15:32:26","guid":{"rendered":"https:\/\/www.assurez-votre-logement.fr\/?page_id=54"},"modified":"2026-02-20T15:37:15","modified_gmt":"2026-02-20T15:37:15","slug":"nos-partenaires","status":"publish","type":"page","link":"https:\/\/www.assurez-votre-logement.fr\/index.php\/nos-partenaires\/","title":{"rendered":"Nos partenaires"},"content":{"rendered":"\n<p>Nous travaillons avec plusieurs partenaires dont voici la liste ci-dessous.<\/p>\n\n\n\n<p><strong>Lovys :<\/strong><br>Lovys est, en sa qualit\u00e9 de courtier en assurances, r\u00e9gie par le Code des assurances et est inscrite au registre ORIAS (https:\/\/www.orias.fr) sous le num\u00e9ro 18001949.<br><a href=\"https:\/\/lovys.com\/fr\/\">https:\/\/lovys.com\/fr\/<\/a><br><\/p>\n\n\n\n<p><strong>Leocare<\/strong> :<br>Leocare est soci\u00e9t\u00e9 par actions simplifi\u00e9e, immatricul\u00e9e au RCS de Paris sous le num\u00e9ro 831 053 863 et \u00e0 l&rsquo;ORIAS (https:\/\/www.orias.fr) sous le num\u00e9ro 17005975<br><a href=\"https:\/\/meteore.fr\/\">https:\/\/meteore.fr\/<\/a><\/p>\n\n\n\n<p><strong>M\u00e9t\u00e9ore :<br><\/strong>M\u00e9t\u00e9ore est une soci\u00e9t\u00e9 de courtage d&rsquo;assurance immatricul\u00e9e \u00e0 l&rsquo;ORIAS sous le n\u00b0 18 006 943 (www.orias.fr) garantie financi\u00e8re et assurance de responsabilit\u00e9 civile professionnelle conformes aux articles L 530-1 et L 530-2 du Code des Assurances<br><a href=\"https:\/\/meteore.fr\/\">https:\/\/meteore.fr\/<\/a><br><br><strong>BEKAL FRANCE (Call Center)<\/strong><br>Bekal France , courtier en assurance sans maniement de fonds (COA) sous le num\u00e9ro ORIAS 22006380.<br>6 L HERMITAGE 35780 LA RICHARDAIS (France)<\/p>\n\n\n\n<p><\/p>\n","protected":false},"excerpt":{"rendered":"<p>Nous travaillons avec plusieurs partenaires dont voici la liste ci-dessous. Lovys :Lovys est, en sa qualit\u00e9 de courtier en assurances, r\u00e9gie par le Code des assurances et est inscrite au registre ORIAS (https:\/\/www.orias.fr) sous le num\u00e9ro 18001949.https:\/\/lovys.com\/fr\/ Leocare :Leocare est soci\u00e9t\u00e9 par actions simplifi\u00e9e, immatricul\u00e9e au RCS de Paris sous le num\u00e9ro 831 053 863 [&hellip;]<\/p>\n","protected":false},"author":1,"featured_media":0,"parent":0,"menu_order":0,"comment_status":"closed","ping_status":"closed","template":"","meta":{"footnotes":""},"class_list":["post-54","page","type-page","status-publish","hentry"],"_links":{"self":[{"href":"https:\/\/www.assurez-votre-logement.fr\/index.php\/wp-json\/wp\/v2\/pages\/54","targetHints":{"allow":["GET"]}}],"collection":[{"href":"https:\/\/www.assurez-votre-logement.fr\/index.php\/wp-json\/wp\/v2\/pages"}],"about":[{"href":"https:\/\/www.assurez-votre-logement.fr\/index.php\/wp-json\/wp\/v2\/types\/page"}],"author":[{"embeddable":true,"href":"https:\/\/www.assurez-votre-logement.fr\/index.php\/wp-json\/wp\/v2\/users\/1"}],"replies":[{"embeddable":true,"href":"https:\/\/www.assurez-votre-logement.fr\/index.php\/wp-json\/wp\/v2\/comments?post=54"}],"version-history":[{"count":3,"href":"https:\/\/www.assurez-votre-logement.fr\/index.php\/wp-json\/wp\/v2\/pages\/54\/revisions"}],"predecessor-version":[{"id":57,"href":"https:\/\/www.assurez-votre-logement.fr\/index.php\/wp-json\/wp\/v2\/pages\/54\/revisions\/57"}],"wp:attachment":[{"href":"https:\/\/www.assurez-votre-logement.fr\/index.php\/wp-json\/wp\/v2\/media?parent=54"}],"curies":[{"name":"wp","href":"https:\/\/api.w.org\/{rel}","templated":true}]}}